{"id":112,"date":"2016-04-11T16:32:26","date_gmt":"2016-04-11T14:32:26","guid":{"rendered":"http:\/\/kuenkler-malerei.de\/?page_id=112"},"modified":"2018-03-09T13:53:48","modified_gmt":"2018-03-09T12:53:48","slug":"aktuell","status":"publish","type":"page","link":"https:\/\/kuenkler-malerei.de\/?page_id=112","title":{"rendered":"Aktuell"},"content":{"rendered":"<p>Einen Teil meiner Bilder vermarktet seit Februar 2018 das Kunstportal <a href=\"https:\/\/www.artvergnuegen.com\/search?query=k%C3%BCnkler\">ARTvergnuegen. Schuat doch mal vorbei&#8230;<br \/>\n<\/a>Die Fotos meiner Bilder sind da viel professioneller und besser.<\/p>\n<p>Weiterhin gilt: Besucht die spannenden <a href=\"http:\/\/www.koloniewedding.de\/#flyer\" target=\"_blank\" rel=\"noopener\">Kunstspazierg\u00e4nge der Kolonie Wedding<\/a> und das sch\u00f6ne <a href=\"http:\/\/www.cafe-behring.de\/\">Cafe Behring<\/a> im Baumschulenweg-Kiez.<\/p>\n<p>Ein Vogelbild entsteht&#8230;<\/p>\n<p>Fast am Anfang:<\/p>\n<p><img loading=\"lazy\" decoding=\"async\" class=\"size-medium wp-image-304\" src=\"https:\/\/kuenkler-malerei.de\/wp-content\/uploads\/2016\/12\/drei_felder_wirtschaft1-300x236.jpg\" alt=\"\" width=\"300\" height=\"236\" srcset=\"https:\/\/kuenkler-malerei.de\/wp-content\/uploads\/2016\/12\/drei_felder_wirtschaft1-300x236.jpg 300w, https:\/\/kuenkler-malerei.de\/wp-content\/uploads\/2016\/12\/drei_felder_wirtschaft1-254x200.jpg 254w, https:\/\/kuenkler-malerei.de\/wp-content\/uploads\/2016\/12\/drei_felder_wirtschaft1-768x604.jpg 768w, https:\/\/kuenkler-malerei.de\/wp-content\/uploads\/2016\/12\/drei_felder_wirtschaft1-800x630.jpg 800w, https:\/\/kuenkler-malerei.de\/wp-content\/uploads\/2016\/12\/drei_felder_wirtschaft1-951x748.jpg 951w, https:\/\/kuenkler-malerei.de\/wp-content\/uploads\/2016\/12\/drei_felder_wirtschaft1-1592x1253.jpg 1592w, https:\/\/kuenkler-malerei.de\/wp-content\/uploads\/2016\/12\/drei_felder_wirtschaft1.jpg 1864w\" sizes=\"auto, (max-width: 300px) 100vw, 300px\" \/><\/p>\n<p>Ein paar Tage sp\u00e4ter:<\/p>\n<p><img loading=\"lazy\" decoding=\"async\" class=\"size-medium wp-image-301\" src=\"https:\/\/kuenkler-malerei.de\/wp-content\/uploads\/2016\/12\/drei_felder_wirtschaft2-1024x794-300x233.jpg\" alt=\"\" width=\"300\" height=\"233\" srcset=\"https:\/\/kuenkler-malerei.de\/wp-content\/uploads\/2016\/12\/drei_felder_wirtschaft2-1024x794-300x233.jpg 300w, https:\/\/kuenkler-malerei.de\/wp-content\/uploads\/2016\/12\/drei_felder_wirtschaft2-1024x794-258x200.jpg 258w, https:\/\/kuenkler-malerei.de\/wp-content\/uploads\/2016\/12\/drei_felder_wirtschaft2-1024x794-768x596.jpg 768w, https:\/\/kuenkler-malerei.de\/wp-content\/uploads\/2016\/12\/drei_felder_wirtschaft2-1024x794-800x620.jpg 800w, https:\/\/kuenkler-malerei.de\/wp-content\/uploads\/2016\/12\/drei_felder_wirtschaft2-1024x794-951x737.jpg 951w, https:\/\/kuenkler-malerei.de\/wp-content\/uploads\/2016\/12\/drei_felder_wirtschaft2-1024x794.jpg 1024w\" sizes=\"auto, (max-width: 300px) 100vw, 300px\" \/><\/p>\n<p>Noch sp\u00e4ter:<\/p>\n<p><img loading=\"lazy\" decoding=\"async\" class=\"alignnone size-medium wp-image-302\" src=\"https:\/\/kuenkler-malerei.de\/wp-content\/uploads\/2016\/12\/drei_felder_wirtschaft3-300x236.jpg\" alt=\"\" width=\"300\" height=\"236\" srcset=\"https:\/\/kuenkler-malerei.de\/wp-content\/uploads\/2016\/12\/drei_felder_wirtschaft3-300x236.jpg 300w, https:\/\/kuenkler-malerei.de\/wp-content\/uploads\/2016\/12\/drei_felder_wirtschaft3-254x200.jpg 254w, https:\/\/kuenkler-malerei.de\/wp-content\/uploads\/2016\/12\/drei_felder_wirtschaft3.jpg 724w\" sizes=\"auto, (max-width: 300px) 100vw, 300px\" \/><\/p>\n<p>Fast am Ende (naja, die V\u00f6gel sind noch nicht fertig. Und vielleicht m\u00fcssen noch Furchen und ein vertikal fahrender Traktor drauf):<\/p>\n<p><img loading=\"lazy\" decoding=\"async\" class=\"alignnone size-medium wp-image-303\" src=\"https:\/\/kuenkler-malerei.de\/wp-content\/uploads\/2016\/12\/drei_felder_wirtschaft4-300x240.jpg\" alt=\"\" width=\"300\" height=\"240\" srcset=\"https:\/\/kuenkler-malerei.de\/wp-content\/uploads\/2016\/12\/drei_felder_wirtschaft4-300x240.jpg 300w, https:\/\/kuenkler-malerei.de\/wp-content\/uploads\/2016\/12\/drei_felder_wirtschaft4-250x200.jpg 250w, https:\/\/kuenkler-malerei.de\/wp-content\/uploads\/2016\/12\/drei_felder_wirtschaft4.jpg 653w\" sizes=\"auto, (max-width: 300px) 100vw, 300px\" \/><\/p>\n<p>Und so ist es dann endg\u00fcltig geworden:<\/p>\n<p><img loading=\"lazy\" decoding=\"async\" class=\"alignnone size-medium wp-image-311\" src=\"https:\/\/kuenkler-malerei.de\/wp-content\/uploads\/2017\/04\/drei_felder_wirtschaft_final-300x241.jpg\" alt=\"\" width=\"300\" height=\"241\" srcset=\"https:\/\/kuenkler-malerei.de\/wp-content\/uploads\/2017\/04\/drei_felder_wirtschaft_final-300x241.jpg 300w, https:\/\/kuenkler-malerei.de\/wp-content\/uploads\/2017\/04\/drei_felder_wirtschaft_final-249x200.jpg 249w, https:\/\/kuenkler-malerei.de\/wp-content\/uploads\/2017\/04\/drei_felder_wirtschaft_final-768x617.jpg 768w, https:\/\/kuenkler-malerei.de\/wp-content\/uploads\/2017\/04\/drei_felder_wirtschaft_final.jpg 800w\" sizes=\"auto, (max-width: 300px) 100vw, 300px\" \/><\/p>\n","protected":false},"excerpt":{"rendered":"<p>Einen Teil meiner Bilder vermarktet seit Februar 2018 das Kunstportal ARTvergnuegen. Schuat doch mal vorbei&#8230; Die Fotos meiner Bilder sind da viel professioneller und besser. Weiterhin gilt: Besucht die spannenden Kunstspazierg\u00e4nge der Kolonie Wedding und das sch\u00f6ne Cafe Behring im Baumschulenweg-Kiez. Ein Vogelbild entsteht&#8230; Fast am Anfang: Ein paar Tage sp\u00e4ter: Noch sp\u00e4ter: Fast am [&hellip;]<\/p>\n","protected":false},"author":1,"featured_media":0,"parent":0,"menu_order":0,"comment_status":"closed","ping_status":"closed","template":"","meta":{"footnotes":""},"class_list":["post-112","page","type-page","status-publish","hentry"],"_links":{"self":[{"href":"https:\/\/kuenkler-malerei.de\/index.php?rest_route=\/wp\/v2\/pages\/112","targetHints":{"allow":["GET"]}}],"collection":[{"href":"https:\/\/kuenkler-malerei.de\/index.php?rest_route=\/wp\/v2\/pages"}],"about":[{"href":"https:\/\/kuenkler-malerei.de\/index.php?rest_route=\/wp\/v2\/types\/page"}],"author":[{"embeddable":true,"href":"https:\/\/kuenkler-malerei.de\/index.php?rest_route=\/wp\/v2\/users\/1"}],"replies":[{"embeddable":true,"href":"https:\/\/kuenkler-malerei.de\/index.php?rest_route=%2Fwp%2Fv2%2Fcomments&post=112"}],"version-history":[{"count":17,"href":"https:\/\/kuenkler-malerei.de\/index.php?rest_route=\/wp\/v2\/pages\/112\/revisions"}],"predecessor-version":[{"id":369,"href":"https:\/\/kuenkler-malerei.de\/index.php?rest_route=\/wp\/v2\/pages\/112\/revisions\/369"}],"wp:attachment":[{"href":"https:\/\/kuenkler-malerei.de\/index.php?rest_route=%2Fwp%2Fv2%2Fmedia&parent=112"}],"curies":[{"name":"wp","href":"https:\/\/api.w.org\/{rel}","templated":true}]}}