{"id":2,"date":"2016-02-03T04:08:41","date_gmt":"2016-02-03T04:08:41","guid":{"rendered":"http:\/\/wp442m.a10-52-158-154.qa.plesk.ru\/wordpress\/?page_id=2"},"modified":"2024-02-16T15:54:55","modified_gmt":"2024-02-16T14:54:55","slug":"sample-page","status":"publish","type":"page","link":"https:\/\/kuenkler-malerei.de\/","title":{"rendered":""},"content":{"rendered":"<p>Willkommen!<\/p>\n<p>Geschafft! Zwar macht die eine oder andere Bodenunebenheit diese Seite noch ein wenig holprig, doch man kann nun tats\u00e4chlich Fotos meiner Bilder sehen: Einfach rechts in der Navigation eine Bildergruppe ausw\u00e4hlen. Die einzelnen Vorschaufotos k\u00f6nnen auch angeklickt werden. So werden die Bilder in einem gr\u00f6\u00dferen Format im Galerie-Modus angezeigt.<\/p>\n<p>Viel Spa\u00df beim St\u00f6bern und Anschauen!<\/p>\n<p>Hier mein aktuelles Lieblingsbild:<\/p>\n<figure id=\"attachment_331\" aria-describedby=\"caption-attachment-331\" style=\"width: 239px\" class=\"wp-caption alignnone\"><a href=\"https:\/\/kuenkler-malerei.de\/wp-content\/uploads\/2017\/08\/schwermuetiger_mann_m.jpg\"><img loading=\"lazy\" decoding=\"async\" class=\"size-medium wp-image-331\" src=\"https:\/\/kuenkler-malerei.de\/wp-content\/uploads\/2017\/08\/schwermuetiger_mann_kl-239x300.jpg\" alt=\"\" width=\"239\" height=\"300\" srcset=\"https:\/\/kuenkler-malerei.de\/wp-content\/uploads\/2017\/08\/schwermuetiger_mann_kl-239x300.jpg 239w, https:\/\/kuenkler-malerei.de\/wp-content\/uploads\/2017\/08\/schwermuetiger_mann_kl-159x200.jpg 159w, https:\/\/kuenkler-malerei.de\/wp-content\/uploads\/2017\/08\/schwermuetiger_mann_kl.jpg 510w\" sizes=\"auto, (max-width: 239px) 100vw, 239px\" \/><\/a><figcaption id=\"caption-attachment-331\" class=\"wp-caption-text\">Treffen mit Gerhard Richter<br \/>Schwerm\u00fctiger Mann (mit Grund)<br \/>2017<br \/>Acryl auf Leinwand<br \/>100 cm x 80 cm<\/figcaption><\/figure>\n<p><a href=\"https:\/\/www.artvergnuegen.com\/article\/show\/9251\">Verkauf \u00fcber ARTvergnuegen<\/a><\/p>\n","protected":false},"excerpt":{"rendered":"<p>Willkommen! Geschafft! Zwar macht die eine oder andere Bodenunebenheit diese Seite noch ein wenig holprig, doch man kann nun tats\u00e4chlich Fotos meiner Bilder sehen: Einfach rechts in der Navigation eine Bildergruppe ausw\u00e4hlen. Die einzelnen Vorschaufotos k\u00f6nnen auch angeklickt werden. So werden die Bilder in einem gr\u00f6\u00dferen Format im Galerie-Modus angezeigt. Viel Spa\u00df beim St\u00f6bern und [&hellip;]<\/p>\n","protected":false},"author":1,"featured_media":0,"parent":0,"menu_order":0,"comment_status":"open","ping_status":"open","template":"","meta":{"footnotes":""},"class_list":["post-2","page","type-page","status-publish","hentry"],"_links":{"self":[{"href":"https:\/\/kuenkler-malerei.de\/index.php?rest_route=\/wp\/v2\/pages\/2","targetHints":{"allow":["GET"]}}],"collection":[{"href":"https:\/\/kuenkler-malerei.de\/index.php?rest_route=\/wp\/v2\/pages"}],"about":[{"href":"https:\/\/kuenkler-malerei.de\/index.php?rest_route=\/wp\/v2\/types\/page"}],"author":[{"embeddable":true,"href":"https:\/\/kuenkler-malerei.de\/index.php?rest_route=\/wp\/v2\/users\/1"}],"replies":[{"embeddable":true,"href":"https:\/\/kuenkler-malerei.de\/index.php?rest_route=%2Fwp%2Fv2%2Fcomments&post=2"}],"version-history":[{"count":13,"href":"https:\/\/kuenkler-malerei.de\/index.php?rest_route=\/wp\/v2\/pages\/2\/revisions"}],"predecessor-version":[{"id":368,"href":"https:\/\/kuenkler-malerei.de\/index.php?rest_route=\/wp\/v2\/pages\/2\/revisions\/368"}],"wp:attachment":[{"href":"https:\/\/kuenkler-malerei.de\/index.php?rest_route=%2Fwp%2Fv2%2Fmedia&parent=2"}],"curies":[{"name":"wp","href":"https:\/\/api.w.org\/{rel}","templated":true}]}}